is 32 (base 4) in base 2?
1110
-3 (base 14) to base 13
-3
Convert 11 (base 4) to base 5.
10
38 (base 10) to base 8
46
2 (base 14) to base 9
2
What is 3 (base 12) in base 8?
3
What is -60 (base 12) in base 6?
-200
What is 211 (base 3) in base 8?
26
Convert 101 (base 2) to base 8.
5
11 (base 13) to base 4
32
Convert 305 (base 6) to base 2.
1110001
-7 (base 15) to base 4
-13
What is 9 (base 10) in base 4?
21
Convert -5 (base 6) to base 14.
-5
-4 (base 6) to base 2
-100
Convert 5 (base 14) to base 4.
11
-6 (base 16) to base 10
-6
-151 (base 9) to base 12
-a7
-11 (base 8) to base 14
-9
1 (base 10) to base 12
1
What is 0 (base 8) in base 6?
0
Convert 134 (base 7) to base 9.
82
What is -210 (base 4) in base 3?
-1100
What is -b (base 13) in base 4?
-23
Convert -46 (base 10) to base 13.
-37
What is -16 (base 11) in base 6?
-25
-236 (base 7) to base 14
-8d
-74 (base 12) to base 13
-6a
Convert -8b (base 13) to base 8.
-163
Convert -12 (base 16) to base 8.
-22
Convert -12 (base 9) to base 14.
-b
-5 (base 16) to base 13
-5
What is -426 (base 8) in base 10?
-278
-10212 (base 3) to base 13
-80
Convert 1 (base 2) to base 9.
1
Convert 3201 (base 4) to base 12.
169
Convert -2a (base 16) to base 12.
-36
-153 (base 7) to base 8
-127
What is -37 (base 9) in base 8?
-42
20 (base 3) to base 8
6
40 (base 11) to base 7
62
What is -1 (base 7) in base 3?
-1
Convert 1 (base 8) to base 15.
1
What is 10 (base 15) in base 12?
13
Convert -240 (base 6) to base 13.
-75
What is -100 (base 2) in base 13?
-4
-1010 (base 3) to base 4
-132
-1010111 (base 2) to base 4
-1113
Convert -1 (base 11) to base 12.
-1
-10 (base 7) to base 9
-7
What is 3 (base 8) in base 14?
3
Convert 10 (base 2) to base 12.
2
What is 16 (base 9) in base 6?
23
19 (base 15) to base 6
40
Convert 3 (base 6) to base 16.
3
Convert 4 (base 6) to base 12.
4
-4 (base 10) to base 9
-4
Convert -1 (base 9) to base 16.
-1
-1 (base 5) to base 4
-1
What is -110 (base 2) in base 7?
-6
Convert 5 (base 7) to base 16.
5
What is 2 (base 10) in base 13?
2
321 (base 6) to base 10
121
Convert 217 (base 9) to base 8.
262
-8 (base 14) to base 10
-8
Convert -3 (base 4) to base 14.
-3
Convert -1 (base 6) to base 13.
-1
What is -4 (base 7) in base 3?
-11
Convert -4 (base 5) to base 8.
-4
Convert a (base 11) to base 12.
a
What is 12 (base 13) in base 2?
1111
What is -130 (base 4) in base 9?
-31
Convert 34 (base 5) to base 4.
103
What is -42 (base 14) in base 6?
-134
6 (base 8) to base 12
6
6d (base 15) to base 4
1213
35 (base 12) to base 10
41
What is -10 (base 5) in base 11?
-5
Convert 12 (base 5) to base 8.
7
Convert 203 (base 7) to base 8.
145
Convert -2 (base 14) to base 9.
-2
What is 3 (base 7) in base 13?
3
What is 55 (base 14) in base 6?
203
What is -26 (base 11) in base 2?
-11100
What is -2 (base 7) in base 3?
-2
-81 (base 11) to base 16
-59
Convert 0 (base 9) to base 5.
0
Convert 0 (base 2) to base 8.
0
What is 31 (base 8) in base 12?
21
Convert -10 (base 16) to base 10.
-16
-10 (base 4) to base 5
-4
Convert -15 (base 14) to base 7.
-25
What is 5 (base 8) in base 2?
101
Convert -10 (base 16) to base 10.
-16
What is -10 (base 5) in base 9?
-5
Convert 0 (base 13) to base 10.
0
What is -101011 (base 2) in base 4?
-223
What is -1210 (base 3) in base 8?
-60
Convert -1201 (base 3) to base 11.
-42
50 (base 16) to base 7
143
Convert 15 (base 14) to base 12.
17
Convert -40 (base 7) to base 11.
-26
31 (base 9) to base 5
103
1 (base 5) to base 15
1
Convert 57 (base 11) to base 10.
62
31 (base 6) to base 15
14
What is -8 (base 16) in base 6?
-12
Convert -43 (base 5) to base 7.
-32
36 (base 13) to base 6
113
-1 (base 8) to base 4
-1
3 (base 6) to base 13
3
Convert 1 (base 6) to base 8.
1
What is -2 (base 6) in base 15?
-2
0 (base 4) to base 2
0
What is 4 (base 10) in base 3?
11
Convert 0 (base 5) to base 3.
0
Convert 0 (base 6) to base 16.
0
Convert -1 (base 9) to base 11.
-1
Convert -2a (base 12) to base 14.
-26
What is 0 (base 10) in base 7?
0
What is -1 (base 11) in base 12?
-1
-5 (base 13) to base 14
-5
Convert -3 (base 13) to base 15.
-3
Convert 3 (base 5) to base 4.
3
Convert c (base 15) to base 11.
11
-d (base 16) to base 3
-111
Convert 10 (base 11) to base 9.
12
2 (base 8) to base 13
2
What is -102 (base 4) in base 13?
-15
What is 7 (base 16) in base 12?
7
-2013 (base 4) to base 6
-343
What is -115 (base 12) in base 8?
-241
b (base 14) to base 11
10
0 (base 3) to base 6
0
Convert -3 (base 4) to base 13.
-3
What is 9 (base 15) in base 12?
9
-1010 (base 2) to base 11
-a
-7b (base 12) to base 14
-6b
What is 15 (base 10) in base 6?
23
310 (base 8) to base 10
200
301 (base 4) to base 9
54
4 (base 15) to base 16
4
What is -122 (base 6) in base 7?
-101
-8c (base 16) to base 14
-a0
What is 46 (base 14) in base 6?
142
0 (base 3) to base 9
0
2b (base 13) to base 9
41
What is -7 (base 9) in base 14?
-7
Convert 9 (base 16) to base 3.
100
24 (base 13) to base 2
11110
Convert 5 (base 8) to base 3.
12
What is -3b (base 14) in base 13?
-41
Convert -2b (base 16) to base 10.
-43
Convert -13 (base 15) to base 7.
-24
Convert -1 (base 5) to base 13.
-1
Convert 142 (base 9) to base 12.
9b
Convert -24 (base 13) to base 15.
-20
What is -10 (base 16) in base 2?
-10000
What is -34 (base 9) in base 16?
-1f
-10110 (base 3) to base 2
-1011101
Convert 5 (base 13) to base 14.
5
Convert 40 (base 16) to base 13.
4c
Convert 8 (base 9) to base 2.
1000
Convert -1121 (base 4) to base 5.
-324
Convert -6a (base 12) to base 2.
-1010010
Convert 2 (base 6) to base 15.
2
Convert -109 (base 13) to base 4.
-2302
What is 100 (base 2) in base 11?
4
11012 (base 3) to base 10
113
What is 28 (base 15) in base 5?
123
-3 (base 6) to base 4
-3
Convert 1143 (base 7) to base 13.
267
Convert -10 (base 8) to base 3.
-22
What is -1 (base 15) in base 4?
-1
Convert 168 (base 14) to base 2.
100100000
14 (base 15) to base 9
21
What is 7 (base 9) in base 16?
7
What is -30 (base 4) in base 11?
-11
What is 151 (base 8) in base 11?
96
1322 (base 4) to base 13
95
What is b (base 12) in base 10?
11
What is 22 (base 10) in base 6?
34
Convert -12 (base 14) to base 9.
-17
What is -72 (base 14) in base 2?
-1100100
-126 (base 13) to base 10
-201
Convert -62 (base 8) to base 16.
-32
Convert -12 (base 8) to base 4.
-22
What is 204 (base 10) in base 13?
129
Convert 21 (base 6) to base 8.
15
Convert 2112 (base 3) to base 11.
62
Convert -6 (base 10) to base 6.
-10
Convert 73 (base 14) to base 8.
145
What is 112 (base 8) in base 6?
202
What is 14a (base 11) in base 12?
127
1101 (base 2) to base 15
d
What is -156 (base 7) in base 14?
-66
Convert 73 (base 12) to base 6.
223
-4 (base 8) to base 5
-4
Convert 122 (base 3) to base 9.
18
113 (base 5) to base 16
21
Convert -201 (base 10) to base 6.
-533
What is 16 (base 13) in base 14?
15
Convert -3 (base 7) to base 3.
-10
What is -30 (base 15) in base 5?
-140
What is 38 (base 13) in base 3?
1202
What is 0 (base 3) in base 4?
0
What is 10 (base 5) in base 3?
12
What is -110101 (base 2) in base 6?
-125
What is -152 (base 6) in base 3?
-2112
What is -2 (base 6) in base 12?
-2
-34 (base 11) to base 8
-45
66 (base 9) to base 15
40
Convert 21 (base 10) to base 9.
23
What is -b1 (base 12) in base 13?
-a3
What is -37 (base 14) in base 5?
-144
Convert 2 (base 15) to base 4.
2
3 (base 14) to base 16
3
What is 210 (base 8) in base 4?
2020
What is 7 (base 8) in base 2?
111
Convert 0 (base 12) to base 7.
0
Convert 56 (base 12) to base 16.
42
What is 11 (base 2) in base 15?
3
Convert 4 (base 9) to base 2.
100
Convert -74 (base 11) to base 9.
-100
Convert -26 (base 11) to base 6.
-44
Convert -b (base 15) to base 16.
-b
What is 48 (base 15) in base 8?
104
Convert -b (base 16) to base 8.
-13
1 (base 6) to base 7
1
1 (base 10) to base 16
1
Convert -131 (base 7) to base 9.
-78
-7 (base 13) to base 15
-7
-1 (base 4) to base 14
-1
Convert 4c (base 14) to base 5.
233
9 (base 11) to base 14
9
180 (base 13) to base 6
1133
Convert -5e (base 16) to base 4.
-1132
What is 0 (base 10) in base 9?
0
-4 (base 9) to base 7
-4
What is -47 (base 16) in base 7?
-131
What is -21 (base 3) in base 16?
-7
What is -48 (base 15) in base 12?
-58
What is 2 (base 5) in base 12?
2
-10 (base 6) to base 12
-6
What is 5c (base 13) in base 3?
2212
-10 (base 5) to base 12
-5
Convert -5 (base 12) to base 7.
-5
10